{"id":16,"date":"2025-04-04T16:54:46","date_gmt":"2025-04-04T16:54:46","guid":{"rendered":"https:\/\/fundacionmizpa.org\/?page_id=16"},"modified":"2025-04-08T18:41:40","modified_gmt":"2025-04-08T18:41:40","slug":"contactos","status":"publish","type":"page","link":"https:\/\/fundacionmizpa.org\/index.php\/contactos\/","title":{"rendered":"Contactos"},"content":{"rendered":"\n<div class=\"wp-block-columns is-layout-flex wp-container-core-columns-is-layout-9d6595d7 wp-block-columns-is-layout-flex\">\n<div class=\"wp-block-column is-layout-flow wp-block-column-is-layout-flow\" style=\"flex-basis:33.33%\">\n<p>Casa Matriz: Calle Chirca ,Nro: 118 Zona Las Delicias, casi Avenida Juan Jos\u00e9 Jos\u00e9 Torrez &#8211; La Perif\u00e9rica<\/p>\n\n\n\n<p>Correo electr\u00f3nico:  fundacionmizpa@gmail.com<\/p>\n\n\n\n<p><strong>Tel\u00e9fonos:<\/strong>  +591 &#8211; 69750727<\/p>\n<\/div>\n\n\n\n<div class=\"wp-block-column is-layout-flow wp-block-column-is-layout-flow\" style=\"flex-basis:66.66%\">\n<iframe src=\"https:\/\/www.google.com\/maps\/embed?pb=!1m18!1m12!1m3!1d3203.3634554781925!2d-68.12182419999999!3d-16.4704077!2m3!1f0!2f0!3f0!3m2!1i1024!2i768!4f13.1!3m3!1m2!1s0x915f201fa9eb112d%3A0x64dd1b9340147d00!2sIglesia%20del%20Nazareno%20%22Villa%20Fatima%22!5e1!3m2!1ses!2sbo!4v1744137017315!5m2!1ses!2sbo\" width=\"800\" height=\"600\" style=\"border:0;\" allowfullscreen=\"\" loading=\"lazy\" referrerpolicy=\"no-referrer-when-downgrade\"><\/iframe>\n<\/div>\n<\/div>\n","protected":false},"excerpt":{"rendered":"<p>Casa Matriz: Calle Chirca ,Nro: 118 Zona Las Delicias, casi Avenida Juan Jos\u00e9 Jos\u00e9 Torrez &#8211; La Perif\u00e9rica Correo electr\u00f3nico: fundacionmizpa@gmail.com Tel\u00e9fonos: +591 &#8211; 69750727<\/p>\n","protected":false},"author":2,"featured_media":0,"parent":0,"menu_order":0,"comment_status":"closed","ping_status":"closed","template":"","meta":{"footnotes":""},"class_list":["post-16","page","type-page","status-publish","hentry","entry"],"_links":{"self":[{"href":"https:\/\/fundacionmizpa.org\/index.php\/wp-json\/wp\/v2\/pages\/16","targetHints":{"allow":["GET"]}}],"collection":[{"href":"https:\/\/fundacionmizpa.org\/index.php\/wp-json\/wp\/v2\/pages"}],"about":[{"href":"https:\/\/fundacionmizpa.org\/index.php\/wp-json\/wp\/v2\/types\/page"}],"author":[{"embeddable":true,"href":"https:\/\/fundacionmizpa.org\/index.php\/wp-json\/wp\/v2\/users\/2"}],"replies":[{"embeddable":true,"href":"https:\/\/fundacionmizpa.org\/index.php\/wp-json\/wp\/v2\/comments?post=16"}],"version-history":[{"count":8,"href":"https:\/\/fundacionmizpa.org\/index.php\/wp-json\/wp\/v2\/pages\/16\/revisions"}],"predecessor-version":[{"id":163,"href":"https:\/\/fundacionmizpa.org\/index.php\/wp-json\/wp\/v2\/pages\/16\/revisions\/163"}],"wp:attachment":[{"href":"https:\/\/fundacionmizpa.org\/index.php\/wp-json\/wp\/v2\/media?parent=16"}],"curies":[{"name":"wp","href":"https:\/\/api.w.org\/{rel}","templated":true}]}}